{"id":5511,"date":"2020-10-23T13:02:01","date_gmt":"2020-10-23T16:02:01","guid":{"rendered":"https:\/\/cmfalla-caba.infd.edu.ar\/sitio\/?page_id=5511"},"modified":"2026-02-17T21:52:52","modified_gmt":"2026-02-18T00:52:52","slug":"jazz","status":"publish","type":"page","link":"https:\/\/cmfalla-caba.infd.edu.ar\/sitio\/jazz\/","title":{"rendered":"JAZZ"},"content":{"rendered":"\n<p><style type=\"text\/css\"><span data-mce-type=\"bookmark\" style=\"display: inline-block; width: 0px; overflow: hidden; line-height: 0;\" class=\"mce_SELRES_start\">\ufeff<\/span><span data-mce-type=\"bookmark\" style=\"display: inline-block; width: 0px; overflow: hidden; line-height: 0;\" class=\"mce_SELRES_start\">\ufeff<\/span><span data-mce-type=\"bookmark\" style=\"display: inline-block; width: 0px; overflow: hidden; line-height: 0;\" class=\"mce_SELRES_start\">\ufeff<\/span><br \/>.color {<br \/>\tcolor: #F00;<br \/>}<br \/>.sans {<br \/>\tfont-family: \"Comic Sans MS\", cursive;<br \/>}<br \/><\/style><\/p>\n\n\n\n<p>La Tecnicatura Superior de Jazz es un espacio para el estudio del lenguaje jazz\u00edstico, dise\u00f1ado para estudiantes que hayan transitado un ciclo de formaci\u00f3n musical b\u00e1sica.<\/p>\n\n\n\n<p>La formaci\u00f3n est\u00e1 basada en un alto porcentaje de experiencia pr\u00e1ctica, siendo los ensambles y las clases de instrumento los espacios curriculares alrededores de los cuales las dem\u00e1s materias fueron pensadas.<\/p>\n\n\n\n<p>Desde sus inicios en el a\u00f1o 2006, la Tecnicatura de Jazz ha fortalecido y ampliado la escena del Jazz, no s\u00f3lo de Argentina, sino tambi\u00e9n de varios pa\u00edses de Sudam\u00e9rica.<\/p>\n\n\n\n<p>El equipo de docentes, adem\u00e1s de contar con una extensa trayectoria acad\u00e9mica, se encuentra en plena actividad art\u00edstica y posee un reconocimiento que en muchos casos excede a la escena local.<\/p>\n\n\n\n<p>Duraci\u00f3n: <a href=\"https:\/\/cmfalla-caba.infd.edu.ar\/aula\/archivos\/repositorio\/\/2500\/2575\/Anualizaciones_JAZZ.pdf\">3 a\u00f1os<\/a>.<\/p>\n\n\n\n<p><strong>T\u00edtulo:<\/strong>&nbsp; <a href=\"https:\/\/cmfalla-caba.infd.edu.ar\/aula\/archivos\/repositorio\/\/250\/350\/CSMMF_Grillas_jazz1_2.gif\">T\u00e9cnico Superior en Jazz<\/a>, en las siguientes especialidades: Bater\u00eda &#8211; Bajo el\u00e9ctrico &#8211; Contrabajo &#8211; Piano &#8211; Guitarra &#8211; Vibr\u00e1fono &#8211; Saxo &#8211; Flauta &#8211; Clarinete &#8211; Trompeta &#8211; Tromb\u00f3n<\/p>\n\n\n\n<figure class=\"wp-block-embed is-type-video is-provider-youtube wp-block-embed-youtube wp-embed-aspect-16-9 wp-has-aspect-ratio\"><div class=\"wp-block-embed__wrapper\">\n<iframe loading=\"lazy\" title=\"Big Band Jazz - Bienal Arte Joven 2019\" width=\"1200\" height=\"675\" src=\"https:\/\/www.youtube.com\/embed\/r4BYdv6ID3I?start=55&#038;feature=oembed\" frameborder=\"0\" allow=\"accelerometer; autoplay; clipboard-write; encrypted-media; gyroscope; picture-in-picture; web-share\" referrerpolicy=\"strict-origin-when-cross-origin\" allowfullscreen><\/iframe>\n<\/div><\/figure>\n\n\n\n<p> <\/p>\n\n\n\n<hr class=\"wp-block-separator has-alpha-channel-opacity\"\/>\n\n\n\n<div class=\"wp-block-buttons is-layout-flex\">\n<div class=\"wp-block-button\"><a class=\"wp-block-button__link has-midnight-gradient-background has-background wp-element-button\" href=\"https:\/\/cmfalla-caba.infd.edu.ar\/sitio\/plantel-docente-carrera-de-jazz\/\" style=\"border-radius:6px\" target=\"_blank\" rel=\"noreferrer noopener\">Plantel Docente<\/a><\/div>\n<\/div>\n\n\n\n<div class=\"wp-block-file\"><object class=\"wp-block-file__embed\" data=\"https:\/\/cmfalla-caba.infd.edu.ar\/sitio\/wp-content\/uploads\/2025\/10\/TEC-SUP-Jazz.pdf\" type=\"application\/pdf\" style=\"width:100%;height:600px\" aria-label=\"Incrustado de TEC SUP Jazz.\"><\/object><a id=\"wp-block-file--media-0f124fa3-a1de-4f50-a29e-58176df1485b\" href=\"https:\/\/cmfalla-caba.infd.edu.ar\/sitio\/wp-content\/uploads\/2025\/10\/TEC-SUP-Jazz.pdf\">TEC SUP Jazz<\/a><a href=\"https:\/\/cmfalla-caba.infd.edu.ar\/sitio\/wp-content\/uploads\/2025\/10\/TEC-SUP-Jazz.pdf\" class=\"wp-block-file__button wp-element-button\" download aria-describedby=\"wp-block-file--media-0f124fa3-a1de-4f50-a29e-58176df1485b\">Descarga<\/a><\/div>\n\n\n\n<hr class=\"wp-block-separator has-alpha-channel-opacity is-style-wide\"\/>\n\n\n\n<p class=\"has-text-align-center has-base-3-color has-accent-background-color has-text-color has-background has-medium-font-size\"><strong>Ingreso &#8211; Proceso de admisi\u00f3n<\/strong><\/p>\n\n\n\n<p>El segundo llamado a preinscripci\u00f3n online para el ciclo 2026 ser\u00e1 desde 15 de diciembre de 2025 al 9 de febrero para todas las carreras.&nbsp;<\/p>\n\n\n\n<p><strong>Documentaci\u00f3n requerida para ingresar al nivel Superior<\/strong>&nbsp;<\/p>\n\n\n\n<p>Luego de completar la pre-inscripci\u00f3n online, es necesario presentar la siguiente documentaci\u00f3n en Regencia de la Sede Central del Conservatorio (Gallo 238 \u2013 2\u00b0 piso)&nbsp;<\/p>\n\n\n\n<div class=\"wp-block-group is-vertical is-layout-flex wp-container-2\">\n<p><strong>Carpeta de 3 solapas con nombre, apellido, mail y carrera a la que se pre-inscribi\u00f3, que incluya una fotocopia n\u00edtida y legible de:<\/strong>&nbsp;<\/p>\n\n\n\n<ul>\n<li>Documento Nacional de Identidad\u202f\u202f&nbsp;<\/li>\n<\/ul>\n\n\n\n<ul>\n<li>T\u00edtulo Secundario&nbsp;<\/li>\n<\/ul>\n\n\n\n<ul>\n<li>Certificado Anal\u00edtico Final del nivel B\u00e1sico (TAP \/ FOBA u otros)&nbsp;<\/li>\n\n\n\n<li>Ficha de salud <a href=\"https:\/\/cmfalla-caba.infd.edu.ar\/sitio\/wp-content\/uploads\/2025\/09\/Ficha-de-Salud-de-mayores-de-edad-2025.pdf\" data-type=\"URL\" data-id=\"https:\/\/cmfalla-caba.infd.edu.ar\/sitio\/wp-content\/uploads\/2025\/09\/Ficha-de-Salud-de-mayores-de-edad-2025.pdf\"><strong>(descargar)<\/strong><\/a><\/li>\n<\/ul>\n<\/div>\n\n\n\n<p>En todos los casos se debe mostrar la documentaci\u00f3n original para constatar su veracidad. En caso contrario, no se recibir\u00e1 la carpeta con las fotocopias.&nbsp;<\/p>\n\n\n\n<p>&#8211; Los aspirantes deben tener t\u00edtulo que acredite formaci\u00f3n musical b\u00e1sica oficial en Argentina (FOBA, TAP, Esnaola, o carrera de grado), o t\u00edtulo de m\u00fasica revalidado en Argentina. De no poseer t\u00edtulo, deben rendir el Examen de Competencias para poder acceder al Coloquio.&nbsp;<\/p>\n\n\n\n<p>\u202f&nbsp;-\u202f Los t\u00edtulos de formaci\u00f3n musical b\u00e1sica ser\u00e1n recibidos en el momento de la pre-incripci\u00f3n, y luego se les confirmar\u00e1 si se toman como v\u00e1lidos. NO se aceptan certificados anal\u00edticos parciales. Presentando este t\u00edtulo NO deben rendir el Examen de Competencias, y pasan directo a la instancia del Coloquio.&nbsp;<\/p>\n\n\n\n<p>Si el t\u00edtulo es de una especialidad instrumental diferente a la que se han inscripto, o es de una carrera de Composici\u00f3n, deber\u00e1n rendir la parte de Instrumento del Examen de Competencias (adem\u00e1s del Coloquio).&nbsp;<\/p>\n\n\n\n<p>\u202f&nbsp;\u202f&nbsp;&#8211; El Examen de Competencias consta de dos partes: Audioperceptiva\/Formaci\u00f3n musical, e Instrumento. Ambas partes se vuelcan en una sola calificaci\u00f3n..&nbsp;<\/p>\n\n\n\n<p>La instancia de Audio y Formaci\u00f3n es eliminiatoria. De no aprobar esta parte, NO se puede rendir la parte de Instrumento de dicho examen de Competencias.&nbsp;<\/p>\n\n\n\n<p>\u202f&nbsp;&#8211; Una vez aprobadas ambas instancias del Examen de Competencias, se puede pasar a la Instancia de Coloquio. De este surge un Orden de m\u00e9rito (no es una calificaci\u00f3n) para cubrir las vacantes disponibles. Estas vacantes var\u00edan todos los a\u00f1os, ya que dependen de cu\u00e1nta gente se grad\u00faa o deja de cursar.&nbsp;<\/p>\n\n\n\n<figure class=\"wp-block-image size-full\"><img decoding=\"async\" loading=\"lazy\" width=\"915\" height=\"648\" src=\"https:\/\/cmfalla-caba.infd.edu.ar\/sitio\/wp-content\/uploads\/2026\/02\/imagen_2026-02-17_215245122.png\" alt=\"\" class=\"wp-image-11292\" srcset=\"https:\/\/cmfalla-caba.infd.edu.ar\/sitio\/wp-content\/uploads\/2026\/02\/imagen_2026-02-17_215245122.png 915w, https:\/\/cmfalla-caba.infd.edu.ar\/sitio\/wp-content\/uploads\/2026\/02\/imagen_2026-02-17_215245122-768x544.png 768w\" sizes=\"(max-width: 915px) 100vw, 915px\" \/><\/figure>\n\n\n\n<p>AVISO IMPORTANTE&nbsp;<\/p>\n\n\n\n<p>INGRESO A LA TECNICATURA DE JAZZ 2026<\/p>\n\n\n\n<p>Ante la imposibilidad de realizar los ex\u00e1menes&nbsp;en forma presencial&nbsp;debido al Paro Nacional convocado por la CGT para el d\u00eda 19 de febrero,&nbsp;estos&nbsp;se realizar\u00e1n siguiendo el siguiente procedimiento.&nbsp;<strong><u>Por favor, leer todo cuidadosamente.<\/u><\/strong><\/p>\n\n\n\n<p><strong><u>INSTRUCTIVO PARA ESTUDIANTES<\/u><\/strong><\/p>\n\n\n\n<p>&#8211;&nbsp;&nbsp;&nbsp;&nbsp;&nbsp;&nbsp;&nbsp;INSTANCIA DE FORMACI\u00d3N MUSICAL Y AUDIOPERCEPTIVA<\/p>\n\n\n\n<p>El examen consistir\u00e1 en una instancia sincr\u00f3nica v\u00eda Meet el d\u00eda 19\/02\/2026, a las 9hs.<\/p>\n\n\n\n<p>En el nombre de usuario del Meet deber\u00e1 estar el nombre del aspirante y su n\u00famero de DNI o Pasaporte.<\/p>\n\n\n\n<p>El link de la reuni\u00f3n de Google Meet es el siguiente:&nbsp;<a rel=\"noreferrer noopener\" target=\"_blank\" href=\"https:\/\/meet.google.com\/mqk-hcgg-xgm\">https:\/\/meet.google.com\/mqk-hcgg-xgm<\/a><\/p>\n\n\n\n<p><strong>Procedimiento:<\/strong><\/p>\n\n\n\n<p>En esa instancia, el docente tomar\u00e1 lista, y los aspirantes deber\u00e1n, en el momento de dar el presente, mostrar su DNI o Pasaporte en c\u00e1mara (el examen no se puede hacer con la c\u00e1mara apagada). A continuaci\u00f3n la mesa examinadora subir\u00e1 un archivo con ejercicios para completar, y un archivo de audio con un dictado mel\u00f3dico a dos voces,un dictado r\u00edtmico, un dictado arm\u00f3nico, adem\u00e1s de intervalos sueltos (mel\u00f3dicos y arm\u00f3nicos). Todo esto debe ser completado en hojas pentagramadas (con la que deber\u00e1 contar el aspirante). Todas las respuestas deben ser perfectamente legibles.<\/p>\n\n\n\n<p>Al terminar el examen (una hora y media de duraci\u00f3n desde el env\u00edo de los archivos por parte de la Mesa examinadora), el aspirante deber\u00e1 enviar, en no mas de 15 (quince) minutos, una foto de su la\/s hoja\/s de su examen, junto con una foto de su DNI y este Acuerdo firmado; a la siguiente direcci\u00f3n de correo electr\u00f3nico:&nbsp;<a href=\"mailto:fallaingreso@gmail.com\">fallaingreso@gmail.com<\/a><\/p>\n\n\n\n<p>\u202f\u202f&nbsp;&#8211; Aqu\u00ed el material para los ex\u00e1menes:&nbsp;<\/p>\n\n\n\n<div class=\"wp-block-group is-vertical is-layout-flex wp-container-3\">\n<p><strong>Ex\u00e1menes de Competencias 2026:<\/strong>&nbsp;<\/p>\n\n\n\n<p>\u202f&nbsp;<strong><em>-Formaci\u00f3n musical y Audioperceptiva<\/em><\/strong>. Esta parte debe ser aprobada para poder rendir la parte de Instrumento.&nbsp;<\/p>\n\n\n\n<p>\u2013\u202f\u202f\u202f\u202f\u202f\u202f\u202f\u202f\u202f\u202fAn\u00e1lisis de progresiones arm\u00f3nicas en tonalidad mayor y menor. Sin modulaci\u00f3n. Funciones tonales,dominantes secundarios.&nbsp;<\/p>\n\n\n\n<p>\u2013\u202f\u202f\u202f\u202f\u202f\u202f\u202f\u202f\u202f\u202fReconocimiento de intervalos&nbsp;<\/p>\n\n\n\n<p>\u2013\u202f\u202f\u202f\u202f\u202f\u202f\u202f\u202f\u202f\u202fDictado r\u00edtmico. 4\/4, 3\/4, 6\/8, 12\/8. Valores incluyendo tresillos, semicorcheas, ligaduras y s\u00edncopas.&nbsp;<\/p>\n\n\n\n<p>\u2013\u202f\u202f\u202f\u202f\u202f\u202f\u202f\u202f\u202f\u202fDictado mel\u00f3dico a dos voces, con nivel de dificultad similar a los Minuet No3 y No5 del \u201cCuaderno de Ana Magdalena Bach\u201d.&nbsp;<\/p>\n\n\n\n<p>\u2013\u202f\u202f\u202f\u202f\u202f\u202f\u202f\u202f\u202f\u202fReconocimiento de tipos de acordes (tr\u00edadas y cuatr\u00edadas) y progresiones arm\u00f3nicas sin modulaci\u00f3n.&nbsp;<\/p>\n\n\n\n<p>\u202f&nbsp;<strong><em>Instrumento:\u202f<\/em><\/strong>Estas son las piezas que se tomar\u00e1n en la parte de Instrumento del\u202fExamen de Competencias 2026 (una vez aprobada la parte de Formaci\u00f3n musical y Audioperceptiva).&nbsp;<\/p>\n<\/div>\n\n\n\n<p><a href=\"https:\/\/drive.google.com\/drive\/folders\/1DmY1n7YpY6kEVfAdUJTB2WwjE_fNKXcS?usp=sharing\">https:\/\/drive.google.com\/drive\/folders\/1DmY1n7YpY6kEVfAdUJTB2WwjE_fNKXcS?usp=sharing<\/a><\/p>\n\n\n\n<p>\u202f&nbsp;<strong>Coloquios:<\/strong>&nbsp;<\/p>\n\n\n\n<p>\u202f&nbsp;<strong>Coloquios de ingreso de la Tecnicatura superior en Jazz 2026:<\/strong>&nbsp;<\/p>\n\n\n\n<p>Estas son las piezas que se tomar\u00e1n en el Coloquio 2026 (Para aquellos aspirantes con t\u00edtulo previo de formaci\u00f3n musical b\u00e1sica, o una vez aprobadas ambas instancias del Examen de Competencias).&nbsp;<\/p>\n\n\n\n<p><a href=\"https:\/\/drive.google.com\/drive\/folders\/1-A2VzPKxdDIMNtuzX6h3rYUYPg-qbec5?usp=sharing\">https:\/\/drive.google.com\/drive\/folders\/1-A2VzPKxdDIMNtuzX6h3rYUYPg-qbec5?usp=sharing<\/a><\/p>\n\n\n\n<p class=\"has-text-align-center has-base-3-color has-accent-background-color has-text-color has-background has-medium-font-size\"><strong>Matriculaci\u00f3n<\/strong><\/p>\n\n\n\n<p><strong>Matriculaci\u00f3n&nbsp;\u00abonline\u00bb (todas las materias excepto Instrumento, Ensamble y Taller Optativo de Ensamble): fechas a confirmar.<\/strong><\/p>\n\n\n\n<p><strong>Matriculaci\u00f3n presencial (Instrumento, Ensamble, Taller Optativo de Ensamble):<\/strong><\/p>\n\n\n\n<p>&nbsp;3er a\u00f1o: fecha a confirmar.<\/p>\n\n\n\n<p>2do a\u00f1o: fecha a confirmar<\/p>\n\n\n\n<p>Ingresantes: fecha a confirmar.<\/p>\n\n\n\n<p class=\"has-text-align-center\">Mail de contacto: <a href=\"mailto:defallajazz@gmail.com\">defallajazz@gmail.com<\/a><\/p>\n","protected":false},"excerpt":{"rendered":"<p>La Tecnicatura Superior de Jazz es un espacio para el estudio del lenguaje jazz\u00edstico, dise\u00f1ado para estudiantes que hayan transitado un ciclo de formaci\u00f3n musical b\u00e1sica. La formaci\u00f3n est\u00e1 basada en un alto porcentaje de experiencia pr\u00e1ctica, siendo los ensambles y las clases de instrumento los espacios curriculares alrededores de los cuales las dem\u00e1s materias &#8230; <a title=\"JAZZ\" class=\"read-more\" href=\"https:\/\/cmfalla-caba.infd.edu.ar\/sitio\/jazz\/\" aria-label=\"More on JAZZ\">[+]<\/a><\/p>\n","protected":false},"author":3050,"featured_media":0,"parent":0,"menu_order":0,"comment_status":"closed","ping_status":"closed","template":"","meta":[],"acf":[],"_links":{"self":[{"href":"https:\/\/cmfalla-caba.infd.edu.ar\/sitio\/wp-json\/wp\/v2\/pages\/5511"}],"collection":[{"href":"https:\/\/cmfalla-caba.infd.edu.ar\/sitio\/wp-json\/wp\/v2\/pages"}],"about":[{"href":"https:\/\/cmfalla-caba.infd.edu.ar\/sitio\/wp-json\/wp\/v2\/types\/page"}],"author":[{"embeddable":true,"href":"https:\/\/cmfalla-caba.infd.edu.ar\/sitio\/wp-json\/wp\/v2\/users\/3050"}],"replies":[{"embeddable":true,"href":"https:\/\/cmfalla-caba.infd.edu.ar\/sitio\/wp-json\/wp\/v2\/comments?post=5511"}],"version-history":[{"count":63,"href":"https:\/\/cmfalla-caba.infd.edu.ar\/sitio\/wp-json\/wp\/v2\/pages\/5511\/revisions"}],"predecessor-version":[{"id":11293,"href":"https:\/\/cmfalla-caba.infd.edu.ar\/sitio\/wp-json\/wp\/v2\/pages\/5511\/revisions\/11293"}],"wp:attachment":[{"href":"https:\/\/cmfalla-caba.infd.edu.ar\/sitio\/wp-json\/wp\/v2\/media?parent=5511"}],"curies":[{"name":"wp","href":"https:\/\/api.w.org\/{rel}","templated":true}]}}