{"id":7619,"date":"2023-10-03T11:42:47","date_gmt":"2023-10-03T14:42:47","guid":{"rendered":"https:\/\/cmfalla-caba.infd.edu.ar\/sitio\/?page_id=7619"},"modified":"2025-10-21T16:44:45","modified_gmt":"2025-10-21T19:44:45","slug":"plan-ninas-y-ninos","status":"publish","type":"page","link":"https:\/\/cmfalla-caba.infd.edu.ar\/sitio\/plan-ninas-y-ninos\/","title":{"rendered":"Plan Ni\u00f1as y Ni\u00f1os"},"content":{"rendered":"<p><style> body {font-family: 'nunito', sans-serif;}<br \/>\n<\/style>\n<\/p>\n\n\n\n\n<p><\/p>\n\n\n\n<p class=\"has-text-align-center has-base-3-color has-text-color has-background\" style=\"background-color:#bf1fb729\"><strong><a href=\"https:\/\/cmfalla-caba.infd.edu.ar\/sitio\/ingreso-conser\" data-type=\"URL\" data-id=\"https:\/\/cmfalla-caba.infd.edu.ar\/sitio\/ingreso-conser\">Per\u00edodo de Pre-inscrici\u00f3n al Plan Ni\u00f1as y ni\u00f1os Ingreso 2026: del 10 al 31 de octubre<\/a><\/strong><\/p>\n\n\n\n<!-- Aviso gris con dos botones -->\n<div style=\"background: #eee; color: #333; padding: 18px 20px; border-radius: 8px; margin: 15px 0; font-size: 0.95rem; box-shadow: 0 2px 6px rgba(0,0,0,0.08); text-align: center; display: flex; justify-content: center; gap: 15px;\">\n\n  <!-- Bot\u00f3n DESCARGAR INSTRUCTIVO -->\n  <a href=\"https:\/\/cmfalla-caba.infd.edu.ar\/sitio\/wp-content\/uploads\/2025\/10\/FALLA_INSTRUCTIVO-SIU-GUARANI-PRE-INSCRIPCION-ALUMNOS.pdf\" target=\"_blank\" style=\"display: inline-block; background-color: #666; color: #fff; padding: 10px 20px; font-size: 15px; border-radius: 6px; text-decoration: none; font-weight: bold;\" rel=\"noopener\">\n    DESCARGAR INSTRUCTIVO SIU GUARAN\u00cd\n  <\/a>\n\n  <!-- Bot\u00f3n LINK -->\n  <a href=\"https:\/\/guarani.preinscripciones.dgeart.com\/\" target=\"_blank\" style=\"display: inline-block; background-color: #999; color: #fff; padding: 10px 20px; font-size: 15px; border-radius: 6px; text-decoration: none; font-weight: bold;\" rel=\"noopener\">\n    LINK PRE-INSCRIPCI\u00d3N ONLINE\n  <\/a>\n\n<\/div>\n\n\n\n<p class=\"has-text-align-center has-base-3-color has-accent-background-color has-text-color has-background\"><strong>Reuniones informativas y muestras de instrumentos para los aspirantes (asistencia obligatoria del responsable parental y su hijo\/a)<\/strong><\/p>\n\n\n\n<p class=\"has-contrast-color has-text-color\">Anexo 1: martes 7\/10 de 17:30 a 19hs<br>Anexo 2: <strong>ATENCI\u00d3N: la reuni\u00f3n del lunes 6\/10 se posterga para el lunes 13\/10 de 18:30 a 20hs por razones de fuerza mayor<\/strong><br>Anexo 3: Viernes 17\/10 de 18:30 a 20hs<br>Sede central Turno ma\u00f1ana: Viernes 17\/10 de 8:30 a 10:10<br>Sede centra turno tarde: Viernes 17\/10 de 14:30 a 16hs<style> @import url('https:\/\/fonts.googleapis.com\/css2?family=Nunito:wght@400;700&amp;amp;amp;amp;amp;amp;amp;amp;amp;amp;amp;amp;amp;amp;amp;amp;amp;amp;amp;amp;amp;display=swap'); .mi-tipografia {     font-family: 'Nunito', sans-serif; } <\/style><\/p>\n\n\n\n<p class=\"has-base-3-color has-accent-background-color has-text-color has-background\"><strong>Todos\/as los aspirantes a ingresar al plan ni\u00f1as y ni\u00f1os deber\u00e1n cursar (obligatorio para obtener vacante) el Taller Musical de Orientaci\u00f3n, seg\u00fan la sede elegida en la preinscripci\u00f3n:<\/strong><\/p>\n\n\n\n<p>ANEXO 1 \u2013 (Martes y Jueves) 18\/11, 20\/11 y 25\/11\/25 de 17 a 19:40 hs.<br>ANEXO 2 \u2013 (Lunes y Mi\u00e9rcoles) 17\/11, 19\/11 y 26\/11\/25 de 18 a 20:40 hs.<br>ANEXO 2 \u2013 (Martes y Viernes) 18\/11, 25\/11 y 28\/11\/25 de 18 a 20:40 hs.<br>ANEXO 3 \u2013 (Martes y Viernes) \u2013 18\/11, 25\/11 y 28\/11\/25 de 17:40 a 20:20 hs.<br>SEDE CENTRAL T. MA\u00d1ANA \u2013 (Martes y Viernes) \u2013 18\/11, 25\/11 y 28\/11\/25 de 8 a 10:40 hs.<br>SEDE CENTRAL T. TARDE \u2013 (Martes y Viernes) \u2013 18\/11, 25\/11 y 28\/11\/25 de 14 a 16:40 hs.<\/p>\n\n\n\n<div class=\"wp-block-group is-layout-constrained\"><div class=\"wp-block-group__inner-container\">\n<p class=\"has-text-align-center has-base-3-color has-accent-background-color has-text-color has-background has-medium-font-size\"><strong>\u00bfQu\u00e9 es el Plan de Ni\u00f1as y Ni\u00f1os?<\/strong><\/p>\n\n\n\n<p>En 1998 fue fundado el \u200b<strong>Plan de Extensi\u00f3n para la Iniciaci\u00f3n Musical de Ni\u00f1os&nbsp; <\/strong>del Conservatorio Superior de M\u00fasica Manuel de Falla -CSMMF-, hoy <strong>&nbsp;<u>Plan Ni\u00f1as y Ni\u00f1os<\/u><\/strong>.<\/p>\n\n\n\n<p>En \u00e9l,&nbsp; las ni\u00f1as &nbsp;y ni\u00f1os <strong>entre 8 y 13<\/strong>\u200b&nbsp;&nbsp;<strong>a\u00f1os<\/strong>\u200b reciben \u200b<strong>formaci\u00f3n musical temprana correspondiente al Nivel Inicial <\/strong>\u200ben el marco de nuestra Instituci\u00f3n de Nivel Superior Terciario no universitario, dependiente de la Direcci\u00f3n General de Ense\u00f1anza Art\u00edstica -DGEArt- del Ministerio de Cultura del Gobierno de la Ciudad Aut\u00f3noma de Buenos Aires.<\/p>\n<\/div><\/div>\n\n\n\n<figure class=\"wp-block-gallery has-nested-images columns-default is-cropped wp-block-gallery-2 is-layout-flex\">\n<figure class=\"wp-block-image size-large\"><img decoding=\"async\" loading=\"lazy\" width=\"1900\" height=\"748\" data-id=\"8009\"  src=\"https:\/\/cmfalla-caba.infd.edu.ar\/sitio\/wp-content\/uploads\/2023\/12\/IMG-20231218-WA0019-1-1900x748.jpeg\" alt=\"\" class=\"wp-image-8009\" srcset=\"https:\/\/cmfalla-caba.infd.edu.ar\/sitio\/wp-content\/uploads\/2023\/12\/IMG-20231218-WA0019-1-1900x748.jpeg 1900w, https:\/\/cmfalla-caba.infd.edu.ar\/sitio\/wp-content\/uploads\/2023\/12\/IMG-20231218-WA0019-1-1000x394.jpeg 1000w, https:\/\/cmfalla-caba.infd.edu.ar\/sitio\/wp-content\/uploads\/2023\/12\/IMG-20231218-WA0019-1-768x302.jpeg 768w, https:\/\/cmfalla-caba.infd.edu.ar\/sitio\/wp-content\/uploads\/2023\/12\/IMG-20231218-WA0019-1-1536x605.jpeg 1536w, https:\/\/cmfalla-caba.infd.edu.ar\/sitio\/wp-content\/uploads\/2023\/12\/IMG-20231218-WA0019-1-2048x806.jpeg 2048w\" sizes=\"(max-width: 1900px) 100vw, 1900px\" \/><\/figure>\n\n\n\n<figure class=\"wp-block-image size-large\"><img decoding=\"async\" loading=\"lazy\" width=\"1796\" height=\"922\" data-id=\"8008\"  src=\"https:\/\/cmfalla-caba.infd.edu.ar\/sitio\/wp-content\/uploads\/2023\/12\/2023-12-18-23_27_24.613-0300-1.jpeg\" alt=\"\" class=\"wp-image-8008\" srcset=\"https:\/\/cmfalla-caba.infd.edu.ar\/sitio\/wp-content\/uploads\/2023\/12\/2023-12-18-23_27_24.613-0300-1.jpeg 1796w, https:\/\/cmfalla-caba.infd.edu.ar\/sitio\/wp-content\/uploads\/2023\/12\/2023-12-18-23_27_24.613-0300-1-1000x513.jpeg 1000w, https:\/\/cmfalla-caba.infd.edu.ar\/sitio\/wp-content\/uploads\/2023\/12\/2023-12-18-23_27_24.613-0300-1-768x394.jpeg 768w, https:\/\/cmfalla-caba.infd.edu.ar\/sitio\/wp-content\/uploads\/2023\/12\/2023-12-18-23_27_24.613-0300-1-1536x789.jpeg 1536w\" sizes=\"(max-width: 1796px) 100vw, 1796px\" \/><\/figure>\n<\/figure>\n\n\n\n<p><strong>Aclaraci\u00f3n: <\/strong>LOS J\u00d3VENES CON 14 A\u00d1OS CUMPLIDOS AL 30 de junio del a\u00f1o a ingresar DEBER\u00c1N INSCRIBIRSE&nbsp; AL CICLO B\u00c1SICO TAP Trayecto Art\u00edstico Profesional-Plan de J\u00f3venes y Adultos.<\/p>\n\n\n\n<p class=\"has-text-align-center has-base-3-color has-accent-background-color has-text-color has-background has-medium-font-size\"><strong>\u00bfD\u00f3nde se cursa y en qu\u00e9 horarios?<\/strong><\/p>\n\n\n\n<p>El <strong><u>Plan Ni\u00f1as y Ni\u00f1os<\/u><\/strong> se brinda en cuatro sedes del CSMMF: ANEXO I (Centenera), ANEXO II (Salguero), ANEXO III (Humberto Primo): en turno VESPERTINO y\u200b\u200ben SEDE CENTRAL (Gallo): en turnos MA\u00d1ANA y TARDE.<\/p>\n\n\n\n<p class=\"has-text-align-center has-base-3-color has-accent-background-color has-text-color has-background has-medium-font-size\"><strong>\u00bfC\u00f3mo es la formaci\u00f3n musical?<\/strong><strong><\/strong><\/p>\n\n\n\n<p>Las\/os alumnas\/os se inician en la M\u00fasica a partir de la pr\u00e1ctica de \u200b<strong>un (1) instrumento<\/strong>\u200b a su elecci\u00f3n entre: VIOL\u00cdN, VIOLA, VIOLONCELLO, CONTRABAJO, FLAUTA TRAVERSA, CLARINETE, OBOE, FAGOT, SAXOF\u00d3N, TROMPETA, TROMB\u00d3N, TROMPA O CORNO, PIANO, GUITARRA, FLAUTA DULCE, BANDONE\u00d3N, ARPA Y PERCUSI\u00d3N.<\/p>\n\n\n\n<p>La formaci\u00f3n musical integral de las\/os ni\u00f1as\/os se desarrolla a trav\u00e9s de cuatro espacios curriculares obligatorios\u200b<strong>: <\/strong>\u200bINSTRUMENTO, LENGUAJE MUSICAL, EDUCACI\u00d3N VOCAL y EXPRESI\u00d3N CORPORAL. En todas las asignaturas el aprendizaje es vivencial y grupal.<\/p>\n\n\n\n<p><strong>&nbsp;<\/strong>A&nbsp; medida que las\/os alumnas\/os avanzan en sus estudios musicales, se promueve su participaci\u00f3n en el CORO y la&nbsp;ORQUESTA\u200b<strong>. <\/strong>Son\u200bespacios curriculares \u200b<strong>con modalidad de Taller<\/strong>\u200b, en los que se realiza la pr\u00e1ctica musical vocal e instrumental de conjunto, complementaria en la formaci\u00f3n musical integral. Los mismos se desarrollan \u200b<strong>en todas las Sedes y turnos del Plan Ni\u00f1as y Ni\u00f1os.<\/strong><\/p>\n\n\n\n<figure class=\"wp-block-image size-large\"><img decoding=\"async\" loading=\"lazy\" width=\"1900\" height=\"1100\" src=\"https:\/\/cmfalla-caba.infd.edu.ar\/sitio\/wp-content\/uploads\/2024\/09\/Plan-ninos-1900x1100.jpg\" alt=\"\" class=\"wp-image-9255\" srcset=\"https:\/\/cmfalla-caba.infd.edu.ar\/sitio\/wp-content\/uploads\/2024\/09\/Plan-ninos-1900x1100.jpg 1900w, https:\/\/cmfalla-caba.infd.edu.ar\/sitio\/wp-content\/uploads\/2024\/09\/Plan-ninos-1000x579.jpg 1000w, https:\/\/cmfalla-caba.infd.edu.ar\/sitio\/wp-content\/uploads\/2024\/09\/Plan-ninos-768x445.jpg 768w, https:\/\/cmfalla-caba.infd.edu.ar\/sitio\/wp-content\/uploads\/2024\/09\/Plan-ninos-1536x889.jpg 1536w, https:\/\/cmfalla-caba.infd.edu.ar\/sitio\/wp-content\/uploads\/2024\/09\/Plan-ninos-2048x1186.jpg 2048w\" sizes=\"(max-width: 1900px) 100vw, 1900px\" \/><\/figure>\n\n\n\n<p class=\"has-text-align-center has-base-3-color has-accent-background-color has-text-color has-background has-medium-font-size\"><strong>\u00bfC\u00f3mo es el sistema de cursado de las materias?<\/strong><\/p>\n\n\n\n<p>El sistema de cursado de las asignaturas es\u200b<strong> MODULAR<\/strong>\u200b, desarroll\u00e1ndose los contenidos de cada una de ellas en \u200b<strong>4 M\u00d3DULOS<\/strong>\u200b. Dichos m\u00f3dulos son equivalentes al nivel inicial que se dicta en los dos primeros a\u00f1os del CICLO B\u00c1SICO TAP (Trayecto Art\u00edstico Profesional del Plan de J\u00f3venes y Adultos).<\/p>\n\n\n\n<p><strong>La duraci\u00f3n de cursado promedio de cada m\u00f3dulo hasta completar la incorporaci\u00f3n de sus contenidos, suele ser de 2 a 3 cuatrimestres, dependiendo de&nbsp; la asignatura y del proceso de aprendizaje de cada ni\u00f1o\/a<\/strong>\u200b.<\/p>\n\n\n\n<p>Se realizan evaluaciones en todas las asignaturas al promediar y al finalizar el ciclo lectivo.<\/p>\n\n\n\n<p class=\"has-text-align-center has-base-3-color has-accent-background-color has-text-color has-background has-medium-font-size\"><strong>\u00bfCu\u00e1l es la carga horaria de cursado?<\/strong><\/p>\n\n\n\n<p>Las\/os ni\u00f1as\/os cursan dos veces por semana: Instrumento durante 40 min. y LENGUAJE MUSICAL durante 80 min. y una vez por semana: EDUCACI\u00d3N VOCAL durante 40 min. y EXPRESI\u00d3N CORPORAL durante 40 min. \u200b<strong>La carga horaria total de cursado semanal es de 5 hs 20 min, distribuida en 2 \u00f3 3 veces por semana, de acuerdo a la organizaci\u00f3n de cada sede.<\/strong><\/p>\n\n\n\n<p>Los TALLERES DE CORO Y ORQUESTA, son de 1h 20 min.,<strong> siendo <\/strong>&nbsp;\u200b<strong>la carga horaria total de cursado semanal de 8 hs, distribuida en 2 \u00f3 3 veces por semana.<\/strong><\/p>\n\n\n\n<p>Las alumnas y alumnos deber\u00e1n asistir a por lo menos el \u200b<strong>75% de las clases<\/strong>\u200b de cada asignatura a fin de mantener su condici\u00f3n de \u200b<strong>alumnos regulares<\/strong>\u200b.<\/p>\n\n\n\n<p class=\"has-text-align-center has-base-3-color has-accent-background-color has-text-color has-background has-medium-font-size\"><strong>\u00bfEs necesario contar con el instrumento?<\/strong><\/p>\n\n\n\n<p>La pr\u00e1ctica del INSTRUMENTO y el estudio musical por fuera del horario de las clases son necesarios para el progreso del alumnas\/os.<\/p>\n\n\n\n<p>El acompa\u00f1amiento y la participaci\u00f3n de la familia en el proceso de aprendizaje musical son muy importantes.<\/p>\n\n\n\n<p>El fruto de dicho proceso se comparte con las familias en conciertos, muestras y clases abiertas a mitad y al finalizar el ciclo lectivo.<\/p>\n\n\n\n<p>El Coro y la Orquesta de las Sedes del Plan Ni\u00f1as y Ni\u00f1os brindan su producci\u00f3n musical conjunta en&nbsp; 2 \u00f3 3 conciertos anuales.<\/p>\n\n\n\n<p class=\"has-text-align-center has-base-3-color has-accent-background-color has-text-color has-background has-medium-font-size\"><strong>\u00bfA qu\u00e9 edad finaliza el Plan Ni\u00f1as y Ni\u00f1os?<\/strong><\/p>\n\n\n\n<p>A los 14 a\u00f1os, las alumnas y los&nbsp; alumnos pasan a la modalidad de J\u00f3venes y Adultos, continuando sus estudios musicales en el&nbsp; Ciclo B\u00e1sico \u00f3 TAP -Trayecto Art\u00edstico Profesional- Plan de J\u00f3venes y Adultos del CSMMF, en el nivel equivalente de conocimientos alcanzado hasta ese momento.<\/p>\n\n\n\n<p class=\"has-text-align-center has-base-3-color has-accent-background-color has-text-color has-background has-medium-font-size\"><strong>ESQUEMA GENERAL DEL PLAN NI\u00d1AS y NI\u00d1OS<\/strong><\/p>\n\n\n\n<p><strong>SEDES, D\u00cdAS, HORARIOS e INSTRUMENTOS QUE SE DICTAN EN LA PRESENCIALIDAD<\/strong><\/p>\n\n\n\n<figure class=\"wp-block-table\"><table><tbody><tr><td><strong>ANEXO I<\/strong><\/td><td><strong>Av. del Barco Centenera 741 \u2013 Contacto: <\/strong><a rel=\"noreferrer noopener\" href=\"mailto:preceptoresanexo1@gmail.com\" target=\"_blank\">preceptoresanexo1@gmail.com<\/a> &#8211;<strong> TE:4432-1429<\/strong> <strong>Martes y jueves de 17:00 a 19:40<\/strong> <strong>Coro y Orquesta: 19:40 a 21:00<\/strong> <strong><u>INSTRUMENTOS<\/u><\/strong> <strong>Clarinete, Flauta traversa, Guitarra, Piano, Viol\u00edn y Violoncello<\/strong><\/td><\/tr><tr><td><strong>ANEXO II<\/strong><\/td><td><strong>Salguero 2455 \u2013 Contacto: <\/strong><a rel=\"noreferrer noopener\" href=\"mailto:preceptoresanexo2@gmail.com\" target=\"_blank\">preceptoresanexo2@gmail.com<\/a> &#8211; <strong> TE:4804-2359\/1386<\/strong> <strong>Lunes y Mi\u00e9rcoles de 18:00 a 20:40<\/strong> <strong>\u00f3<\/strong> <strong>Martes y Viernes de 18:00 a 20:40<\/strong> <strong>Coro y Orquesta Jueves de 18:00 a 20:40<\/strong> <strong><u>INSTRUMENTOS<\/u><\/strong> <strong>Bandone\u00f3n, Clarinete, Contrabajo, Fagot, Flauta dulce,\u00a0<\/strong> <strong>Flauta traversa, Guitarra, Oboe, Piano, Saxof\u00f3n, Tromb\u00f3n, Trompa o Corno,\u00a0<\/strong> <strong>Trompeta, Viola, Viol\u00edn y Violoncello<\/strong><\/td><\/tr><\/tbody><\/table><\/figure>\n\n\n\n<figure class=\"wp-block-table\"><table><tbody><tr><td><strong>ANEXO III<\/strong><\/td><td><strong>Humberto Primo 3171 \u2013 Contacto: <\/strong><a rel=\"noreferrer noopener\" href=\"mailto:pn.manueldefalla.anexo3@gmail.com\" target=\"_blank\">pn.manueldefalla.anexo3@gmail.com<\/a> &#8211;<strong> TE:4931-1541<\/strong> <strong>Martes, Mi\u00e9rcoles y Viernes de 17:40 a 20:20<\/strong> <strong>Coro y Orquesta: mi\u00e9rcoles 17:40 a 20:20<\/strong> <strong><u>INSTRUMENTOS<\/u><\/strong> <strong>Flauta Dulce, Flauta Traversa, Guitarra, Piano,\u00a0<\/strong> <strong>Viola, Viol\u00edn, Violoncello y Trompeta<\/strong><\/td><\/tr><tr><td><strong>SEDE<\/strong> <strong>CENTRAL-TM<\/strong> &nbsp; &nbsp; &nbsp;<\/td><td><strong>Gallo 238 \u2013 <\/strong>Contacto: <a href=\"mailto:plann.sedecentralTM@gmail.com\">plann.sedecentralTM@gmail.com<\/a>\/ <strong>TURNO MA\u00d1ANA&nbsp; &nbsp;Martes y Viernes de 8:00 a 10:40<\/strong> <strong>Coro y Orquesta: de 10:40 a 12:00<\/strong> <strong><u>INSTRUMENTOS<\/u><\/strong> <strong>Arpa, Guitarra, Percusi\u00f3n, Piano, Viola, Viol\u00edn y Violoncello<\/strong> &nbsp;<\/td><\/tr><tr><td><strong>SEDE<\/strong> <strong>CENTRAL-TT<\/strong>&nbsp;<\/td><td><strong>TURNO TARDE&nbsp;&nbsp;&#8211; <\/strong>Contacto: <a href=\"mailto:plann.sedecentral@gmail.com\">plann.sedecentral@gmail.com<\/a>\/<strong>&nbsp;Martes y Viernes de 14:00 a 16:40<\/strong> <strong>Coro y Orquesta: de 16:40 a 18:00&nbsp;&nbsp;<\/strong> <strong>&nbsp;INSTRUMENTOS<\/strong> <strong>Arpa, Clarinete, Flauta traversa, Guitarra, Percusi\u00f3n, Piano, Saxof\u00f3n, Viol\u00edn y Violoncello<\/strong><\/td><\/tr><\/tbody><\/table><\/figure>\n\n\n\n<p>Recomendamos el Instagram del Plan ni\u00f1as y ni\u00f1os<\/p>\n\n\n\n<ul class=\"wp-block-social-links is-layout-flex\"><li class=\"wp-social-link wp-social-link-instagram wp-block-social-link\"><a href=\"https:\/\/www.instagram.com\/planninasyninosfalla\/\" class=\"wp-block-social-link-anchor\"><svg width=\"24\" height=\"24\" viewBox=\"0 0 24 24\" version=\"1.1\" xmlns=\"http:\/\/www.w3.org\/2000\/svg\" aria-hidden=\"true\" focusable=\"false\"><path d=\"M12,4.622c2.403,0,2.688,0.009,3.637,0.052c0.877,0.04,1.354,0.187,1.671,0.31c0.42,0.163,0.72,0.358,1.035,0.673 c0.315,0.315,0.51,0.615,0.673,1.035c0.123,0.317,0.27,0.794,0.31,1.671c0.043,0.949,0.052,1.234,0.052,3.637 s-0.009,2.688-0.052,3.637c-0.04,0.877-0.187,1.354-0.31,1.671c-0.163,0.42-0.358,0.72-0.673,1.035 c-0.315,0.315-0.615,0.51-1.035,0.673c-0.317,0.123-0.794,0.27-1.671,0.31c-0.949,0.043-1.233,0.052-3.637,0.052 s-2.688-0.009-3.637-0.052c-0.877-0.04-1.354-0.187-1.671-0.31c-0.42-0.163-0.72-0.358-1.035-0.673 c-0.315-0.315-0.51-0.615-0.673-1.035c-0.123-0.317-0.27-0.794-0.31-1.671C4.631,14.688,4.622,14.403,4.622,12 s0.009-2.688,0.052-3.637c0.04-0.877,0.187-1.354,0.31-1.671c0.163-0.42,0.358-0.72,0.673-1.035 c0.315-0.315,0.615-0.51,1.035-0.673c0.317-0.123,0.794-0.27,1.671-0.31C9.312,4.631,9.597,4.622,12,4.622 M12,3 C9.556,3,9.249,3.01,8.289,3.054C7.331,3.098,6.677,3.25,6.105,3.472C5.513,3.702,5.011,4.01,4.511,4.511 c-0.5,0.5-0.808,1.002-1.038,1.594C3.25,6.677,3.098,7.331,3.054,8.289C3.01,9.249,3,9.556,3,12c0,2.444,0.01,2.751,0.054,3.711 c0.044,0.958,0.196,1.612,0.418,2.185c0.23,0.592,0.538,1.094,1.038,1.594c0.5,0.5,1.002,0.808,1.594,1.038 c0.572,0.222,1.227,0.375,2.185,0.418C9.249,20.99,9.556,21,12,21s2.751-0.01,3.711-0.054c0.958-0.044,1.612-0.196,2.185-0.418 c0.592-0.23,1.094-0.538,1.594-1.038c0.5-0.5,0.808-1.002,1.038-1.594c0.222-0.572,0.375-1.227,0.418-2.185 C20.99,14.751,21,14.444,21,12s-0.01-2.751-0.054-3.711c-0.044-0.958-0.196-1.612-0.418-2.185c-0.23-0.592-0.538-1.094-1.038-1.594 c-0.5-0.5-1.002-0.808-1.594-1.038c-0.572-0.222-1.227-0.375-2.185-0.418C14.751,3.01,14.444,3,12,3L12,3z M12,7.378 c-2.552,0-4.622,2.069-4.622,4.622S9.448,16.622,12,16.622s4.622-2.069,4.622-4.622S14.552,7.378,12,7.378z M12,15 c-1.657,0-3-1.343-3-3s1.343-3,3-3s3,1.343,3,3S13.657,15,12,15z M16.804,6.116c-0.596,0-1.08,0.484-1.08,1.08 s0.484,1.08,1.08,1.08c0.596,0,1.08-0.484,1.08-1.08S17.401,6.116,16.804,6.116z\"><\/path><\/svg><span class=\"wp-block-social-link-label screen-reader-text\">Instagram<\/span><\/a><\/li><\/ul>\n\n\n\n<p>Recomendamos a las\/os ni\u00f1as y&nbsp; ni\u00f1os y a sus familias la visita de los siguientes enlaces como introducci\u00f3n al Plan de Ni\u00f1as y Ni\u00f1os y a los Instrumentos:<\/p>\n\n\n\n<p><strong>&nbsp;<\/strong>Video de PRESENTACI\u00d3N DEL PLAN NI\u00d1AS &nbsp;Y NI\u00d1OS por la \u200bProf. Liliana Carpinacci\u200b&nbsp; <a href=\"https:\/\/www.youtube.com\/watch?v=wEbOH9EB2c0\"><strong>https:\/\/www.youtube.com\/watch?v=wEbOH9EB2c0<\/strong><\/a><\/p>\n\n\n\n<p><strong>&nbsp;<\/strong>Los instrumentos de la Orquesta Sinf\u00f3nica-Natha Quirico- Partes&nbsp; 1 y 2\u200b <a href=\"https:\/\/www.youtube.com\/watch?v=wll6hBYzOKU\"><strong>https:\/\/www.youtube.com\/watch?v=wll6hBYzOKU<\/strong><\/a> <a href=\"https:\/\/www.youtube.com\/watch?v=KmTqbL07i_g\"><strong>https:\/\/www.youtube.com\/watch?v=KmTqbL07i_g<\/strong><\/a><\/p>\n\n\n\n<p><strong>&nbsp;<\/strong>\u200bPedro y el Lobo- Serguei Prokofiev- Orquesta Sinf\u00f3nica Juvenil Jos\u00e9 de San Martin <a href=\"https:\/\/www.youtube.com\/watch?v=YSYYpVw_6aY\"><strong>https:\/\/www.youtube.com\/watch?v=YSYYpVw_6aY<\/strong><\/a><\/p>\n\n\n\n<p><a href=\"https:\/\/www.youtube.com\/channel\/UCKaNoBtJhladU2lm1NaCLnA\"><strong>Puede visualizar videos de otros INSTRUMENTOS ingresando<\/strong><\/a>\u200b \u200b<a href=\"https:\/\/www.youtube.com\/channel\/UCKaNoBtJhladU2lm1NaCLnA\"><strong>al<\/strong><\/a>\u200b \u200b<a href=\"https:\/\/www.youtube.com\/channel\/UCKaNoBtJhladU2lm1NaCLnA\"><strong>CANAL de<\/strong><\/a> <a href=\"https:\/\/www.youtube.com\/channel\/UCKaNoBtJhladU2lm1NaCLnA\"><strong>Youtube del CSMMF<\/strong><\/a><\/p>\n\n\n\n<p>Tambi\u00e9n recomendamos visitar los enlaces de la INTRODUCCI\u00d3N A LOS INSTRUMENTOS que realizan los Profesores de nuestro Conservatorio:<\/p>\n\n\n\n<p><strong>PERCUSI\u00d3N<\/strong>\u200b: &nbsp;&nbsp;https:\/\/www.youtube.com\/watch?v=_BuXrTwPQDc<\/p>\n\n\n\n<p><strong>ARPA:<\/strong>\u200b &nbsp;https:\/\/www.youtube.com\/watch?v=F5uDlpXWu8Q<\/p>\n\n\n\n<p><strong>TROMPETA:<\/strong>\u200b &nbsp;https:\/\/www.youtube.com\/watch?v=IxDN7q3bBAQ<\/p>\n\n\n\n<p><strong>OBOE:<\/strong>\u200b &nbsp;https:\/\/www.youtube.com\/watch?v=N7NEIfAHeWk<\/p>\n\n\n\n<p><strong>CLARINETE:<\/strong>\u200b &nbsp;https:\/\/www.youtube.com\/watch?v=AweiEMGZTD4<\/p>\n\n\n\n<p><strong>VIOLA:<\/strong>\u200b &nbsp;https:\/\/www.youtube.com\/watch?v=1WD9qTtP-rU<\/p>\n\n\n\n<p>Si despu\u00e9s de haber le\u00eddo atentamente la informaci\u00f3n anterior, \u00e9sta NO responde sus preguntas, puede formularlas a la <strong>Coordinaci\u00f3n del Departamento Ni\u00f1as y Ni\u00f1os<\/strong>:\u200b<\/p>\n\n\n\n<p><a href=\"mailto:plan.ninos.csmmf@buenosaires.gob.ar\"><a href=\"mailto:departamentonyncsmmf@gmail.com\">departamentonyncsmmf@gmail.com<\/a><\/a><\/p>\n\n\n\n<p><strong><u>NOTA<\/u><\/strong>:\u200b &nbsp;la presente direcci\u00f3n de correo est\u00e1 habilitada para recibir y dar respuesta a las consultas <strong>exclusivamente<\/strong>\u200b&nbsp;durante el ciclo lectivo. Durante el receso invernal y &nbsp;el mes de enero y la primera quincena\u200b del mes de febrero, no se atender\u00e1 por receso de actividades.<\/p>\n","protected":false},"excerpt":{"rendered":"<p>Per\u00edodo de Pre-inscrici\u00f3n al Plan Ni\u00f1as y ni\u00f1os Ingreso 2026: del 10 al 31 de octubre DESCARGAR INSTRUCTIVO SIU GUARAN\u00cd LINK PRE-INSCRIPCI\u00d3N ONLINE Reuniones informativas y muestras de instrumentos para los aspirantes (asistencia obligatoria del responsable parental y su hijo\/a) Anexo 1: martes 7\/10 de 17:30 a 19hsAnexo 2: ATENCI\u00d3N: la reuni\u00f3n del lunes 6\/10 &#8230; <a title=\"Plan Ni\u00f1as y Ni\u00f1os\" class=\"read-more\" href=\"https:\/\/cmfalla-caba.infd.edu.ar\/sitio\/plan-ninas-y-ninos\/\" aria-label=\"More on Plan Ni\u00f1as y Ni\u00f1os\">[+]<\/a><\/p>\n","protected":false},"author":954,"featured_media":8817,"parent":0,"menu_order":0,"comment_status":"closed","ping_status":"closed","template":"","meta":[],"acf":[],"_links":{"self":[{"href":"https:\/\/cmfalla-caba.infd.edu.ar\/sitio\/wp-json\/wp\/v2\/pages\/7619"}],"collection":[{"href":"https:\/\/cmfalla-caba.infd.edu.ar\/sitio\/wp-json\/wp\/v2\/pages"}],"about":[{"href":"https:\/\/cmfalla-caba.infd.edu.ar\/sitio\/wp-json\/wp\/v2\/types\/page"}],"author":[{"embeddable":true,"href":"https:\/\/cmfalla-caba.infd.edu.ar\/sitio\/wp-json\/wp\/v2\/users\/954"}],"replies":[{"embeddable":true,"href":"https:\/\/cmfalla-caba.infd.edu.ar\/sitio\/wp-json\/wp\/v2\/comments?post=7619"}],"version-history":[{"count":41,"href":"https:\/\/cmfalla-caba.infd.edu.ar\/sitio\/wp-json\/wp\/v2\/pages\/7619\/revisions"}],"predecessor-version":[{"id":11149,"href":"https:\/\/cmfalla-caba.infd.edu.ar\/sitio\/wp-json\/wp\/v2\/pages\/7619\/revisions\/11149"}],"wp:featuredmedia":[{"embeddable":true,"href":"https:\/\/cmfalla-caba.infd.edu.ar\/sitio\/wp-json\/wp\/v2\/media\/8817"}],"wp:attachment":[{"href":"https:\/\/cmfalla-caba.infd.edu.ar\/sitio\/wp-json\/wp\/v2\/media?parent=7619"}],"curies":[{"name":"wp","href":"https:\/\/api.w.org\/{rel}","templated":true}]}}