{"id":8027,"date":"2023-12-19T18:45:37","date_gmt":"2023-12-19T21:45:37","guid":{"rendered":"https:\/\/cmfalla-caba.infd.edu.ar\/sitio\/?page_id=8027"},"modified":"2024-09-13T17:34:07","modified_gmt":"2024-09-13T20:34:07","slug":"ingreso-al-ciclo-superior","status":"publish","type":"page","link":"https:\/\/cmfalla-caba.infd.edu.ar\/sitio\/ingreso-al-ciclo-superior\/","title":{"rendered":"Ingreso al Ciclo Superior &#8211; Instrumentos \/ Canto"},"content":{"rendered":"\n<p class=\"has-text-align-center has-base-3-color has-text-color has-background has-medium-font-size\" style=\"background-color:#fb5959\"><strong><em>P\u00e1gina en desarrollo<\/em><\/strong>&#8230;<\/p>\n\n\n\n<p>Ingrese al siguiente enlace <a href=\"https:\/\/dgeart.com\/formadmisionsup.php\" data-type=\"URL\" data-id=\"https:\/\/dgeart.com\/formadmisionsup.php\"><strong>https:\/\/dgeart.com\/carrerasuperiorfalla.php<\/strong><\/a> durante los per\u00edodos de preinscripci\u00f3n (<strong>del 1 al 31 de octubre<\/strong> <strong>de 2024<\/strong>), S\u00f3lo para las Carreras de <strong>Guitarra, Flauta Dulce, Clarinete, Oboe, Fagot, Tuba, Bandone\u00f3n, Contrabajo, Percusi\u00f3n, Viol\u00edn, Etnomusicolog\u00eda, Producci\u00f3n Musical Did\u00e1ctica, Composici\u00f3n, Direcci\u00f3n de Orquesta, Direcci\u00f3n Coral, M\u00fasica Antigua, y la Diplomatura en M\u00fasica Contempor\u00e1nea<\/strong> y  <a href=\"https:\/\/cmfalla-caba.infd.edu.ar\/sitio\/wp-admin\/post.php?post=5504&amp;action=edit\"><strong>M\u00fasica Popular Argentina<\/strong> (en las especialidades de Bandone\u00f3n. Clarinete, Viola, Contrabajo, Percusi\u00f3n, Piano, Saxof\u00f3n, Viol\u00edn Y Violoncello)<\/a><\/p>\n\n\n\n<p>Luego de la inscripci\u00f3n online es necesario acercarse al Conservatorio para presentar la siguiente documentaci\u00f3n:<\/p>\n\n\n\n<p><strong>Documentaci\u00f3n requerida a presentar en Regencia Sede Central del Conservatorio (gallo 238 &#8211; 2do piso):<\/strong><\/p>\n\n\n\n<ul>\n<li>Fotocopia de DNI<\/li>\n\n\n\n<li>Fotocopia de T\u00edtulo Secundario<\/li>\n\n\n\n<li>Fotocopia de estudios musicales previos (TAP\/FOBA u otros) (Certificado Anal\u00edtico final)<\/li>\n<\/ul>\n\n\n\n<p>En caso de no contar con certificaci\u00f3n TAP o FOBA se deber\u00e1 rendir un examen de competencias musicales comunes (Formaci\u00f3n Musical) y espec\u00edficas (Instrumento seg\u00fan la Orientaci\u00f3n elegida).<\/p>\n\n\n\n<p>En caso de contar con certificaci\u00f3n TAP o FOBA se deber\u00e1 concurrir <strong>\u00fanicamente<\/strong> a la instancia de Coloquio de la Carrera elegida.<\/p>\n\n\n\n<p>Los\/las estudiantes regulares que finalizaron el Trayecto Art\u00edstico Profesional (TAP):<\/p>\n\n\n\n<ul>\n<li>con especialidad en instrumento\/canto y contin\u00faan&nbsp;en la <strong><em>Tecnicatura Superior<\/em><\/strong> con la misma especialidad se podr\u00e1n matricular online directamente en marzo.<\/li>\n<\/ul>\n\n\n\n<ul>\n<li>que ingresen a <em><strong>profesorados<\/strong><\/em> de la misma especialidad de la carrera cl\u00e1sica de instrumento\/canto deber\u00e1n pre-inscribirse en dicha carrera para poder matricularse online en marzo.<\/li>\n<\/ul>\n\n\n\n<ul>\n<li>que decidan cambiar de especialidad (ej. de Piano a Direcci\u00f3n de Orquesta) para ingresar a otros <em><strong>Profesorados<\/strong><\/em> o <em><strong>Tecnicaturas<\/strong><\/em> <em><strong>superiores<\/strong><\/em> deber\u00e1n pre-inscribirse en dicha carrera para poder matricularse online en marzo.<\/li>\n<\/ul>\n\n\n\n<p>Quienes completen la preinscripci\u00f3n online recibir\u00e1n en sus correos electr\u00f3nicos -desde los Departamentos Acad\u00e9micos- informaci\u00f3n y asesoramiento sobre las fechas para los ex\u00e1menes de competencias musicales y el Coloquio de la Carrera (Obligatorio)<\/p>\n\n\n\n<p><strong>Taller de apoyo de Formaci\u00f3n Musical para el ingreso al Superior se desarrollar\u00e1 los d\u00edas: 14, 15 y 16 de febrero (clases en sede central) de 18 a 20hs y el examen ser\u00e1 el d\u00eda 19 de febrero (horario a confirmar)<\/strong><\/p>\n","protected":false},"excerpt":{"rendered":"<p>P\u00e1gina en desarrollo&#8230; Ingrese al siguiente enlace https:\/\/dgeart.com\/carrerasuperiorfalla.php durante los per\u00edodos de preinscripci\u00f3n (del 1 al 31 de octubre de 2024), S\u00f3lo para las Carreras de Guitarra, Flauta Dulce, Clarinete, Oboe, Fagot, Tuba, Bandone\u00f3n, Contrabajo, Percusi\u00f3n, Viol\u00edn, Etnomusicolog\u00eda, Producci\u00f3n Musical Did\u00e1ctica, Composici\u00f3n, Direcci\u00f3n de Orquesta, Direcci\u00f3n Coral, M\u00fasica Antigua, y la Diplomatura en M\u00fasica Contempor\u00e1nea &#8230; <a title=\"Ingreso al Ciclo Superior &#8211; Instrumentos \/ Canto\" class=\"read-more\" href=\"https:\/\/cmfalla-caba.infd.edu.ar\/sitio\/ingreso-al-ciclo-superior\/\" aria-label=\"More on Ingreso al Ciclo Superior &#8211; Instrumentos \/ Canto\">[+]<\/a><\/p>\n","protected":false},"author":3337,"featured_media":0,"parent":0,"menu_order":0,"comment_status":"closed","ping_status":"closed","template":"","meta":[],"acf":[],"_links":{"self":[{"href":"https:\/\/cmfalla-caba.infd.edu.ar\/sitio\/wp-json\/wp\/v2\/pages\/8027"}],"collection":[{"href":"https:\/\/cmfalla-caba.infd.edu.ar\/sitio\/wp-json\/wp\/v2\/pages"}],"about":[{"href":"https:\/\/cmfalla-caba.infd.edu.ar\/sitio\/wp-json\/wp\/v2\/types\/page"}],"author":[{"embeddable":true,"href":"https:\/\/cmfalla-caba.infd.edu.ar\/sitio\/wp-json\/wp\/v2\/users\/3337"}],"replies":[{"embeddable":true,"href":"https:\/\/cmfalla-caba.infd.edu.ar\/sitio\/wp-json\/wp\/v2\/comments?post=8027"}],"version-history":[{"count":7,"href":"https:\/\/cmfalla-caba.infd.edu.ar\/sitio\/wp-json\/wp\/v2\/pages\/8027\/revisions"}],"predecessor-version":[{"id":9219,"href":"https:\/\/cmfalla-caba.infd.edu.ar\/sitio\/wp-json\/wp\/v2\/pages\/8027\/revisions\/9219"}],"wp:attachment":[{"href":"https:\/\/cmfalla-caba.infd.edu.ar\/sitio\/wp-json\/wp\/v2\/media?parent=8027"}],"curies":[{"name":"wp","href":"https:\/\/api.w.org\/{rel}","templated":true}]}}